-4)/(2/1) is divided by r.
11
Let f = -53 - -88. Suppose -51 = -4*s - 3*k, -s + 6 = -4*k - 2. Calculate the remainder when f is divided by s.
11
Let v(n) be the third derivative of -n**6/120 - n**5/60 + n**4/12 + n**3/2 - 4*n**2. Calculate the remainder when 5 is divided by v(-2).
2
Let d(t) = t**2 + 4*t - 3. Let o = -22 + 24. Calculate the remainder when d(o) is divided by 5.
4
Let w(i) = 4*i + 4. Suppose -3*x + 8*x - 23 = -2*z, 0 = -z - 4*x + 13. Calculate the remainder when w(3) is divided by z.
7
Let d = 22 + -3. Suppose 2 = b + 3*b + 2*z, 0 = -5*b - 2*z + 4. What is the remainder when 40 is divided by 0/b + 2 + d?
19
Suppose 0 = 3*s + a - 71, 0 = 5*s - 4*a - 109 - 32. Let l = -9 + s. Calculate the remainder when l is divided by 9.
7
Calculate the remainder when 130 is divided by (-22*7/(-28))/((-2)/(-12)).
31
Suppose -5 = -6*g + g. Let w(k) = 3*k + 3*k - 2*k - g. What is the remainder when 29 is divided by w(4)?
14
Let r = 5 + 0. Suppose p - r*c = 55, 2*c - 166 = -5*p + 217. What is the remainder when p is divided by 19?
18
Suppose 0 = 7*z - 8*z + 36. Calculate the remainder when 70 is divided by z.
34
Let s(d) = 2*d + 2. Suppose 2*j + 3*c + 4 = 27, 40 = 4*j + 4*c. Calculate the remainder when s(5) is divided by j.
5
Let v be (-1)/4 + 1599/(-52). Let j = v - -94. Calculate the remainder when j is divided by 22.
19
Suppose 28 = c + c. Suppose 0 = -7*m + 2*m + 195. Calculate the remainder when m is divided by c.
11
Let g be 9 - 6 - (-1 + 1). Suppose -4*v - g*b + 19 = 0, -b + 4 = v - 2*v. What is the remainder when 1 is divided by v?
0
Let p(b) = b**3 + 4*b**2 - 8*b - 7. Suppose -2*i - 20 + 2 = 0. Let s = 23 + i. Calculate the remainder when s is divided by p(-5).
6
Suppose 0 = z + 2*z - 9. Calculate the remainder when 26 is divided by 9/(z/6*2).
8
Suppose 0*u + 1 = 2*l + u, -5*l + 35 = -4*u. Suppose -l*c + 3 = 2*m - 8, -5*c - 4*m = -19. Calculate the remainder when 8 is divided by c.
2
Let s = -1 - 1. Let z be (3/s)/(-3)*54. Let v = -15 + z. What is the remainder when 35 is divided by v?
11
Suppose -3*o + 2*o + 3 = 0. Let d be ((o - 2) + 0)*0. Let g = d - -6. What is the remainder when 16 is divided by g?
4
Suppose -12 = -j - j + 2*r, 4*j = r + 15. Suppose -4 = 4*x - j*x. Calculate the remainder when 16 is divided by x + 2 - (-16)/2.
4
Let u = -170 + 291. Calculate the remainder when u is divided by 31.
28
Suppose 84 = 4*g - w, 5*g + w = 72 + 24. Calculate the remainder when g is divided by 12.
8
Let t = -8 + 12. Suppose -2*m = 4*w + 13 - 45, t*w = -4*m + 60. Calculate the remainder when 27 is divided by m.
13
Calculate the remainder when 2 - ((-1)/4 - 369/12) is divided by 14.
5
Suppose 28 = q - 0*q - 3*k, 2*q = 4*k + 48. Calculate the remainder when q is divided by 7.
2
Suppose -33 = -5*s + 7. Suppose -5*t = -5, -3*l - 439 = -s*l - 4*t. Calculate the remainder when l is divided by 30.
27
Let a = -216 - -110. What is the remainder when ((-5)/(-2))/(-5)*a is divided by 14?
11
Let c = -3 - -8. Suppose -3*w + 4*p + 50 = 0, 10 = 4*w + 5*p - c. Calculate the remainder when 38 is divided by w.
8
What is the remainder when (-6)/(-9) - (-561)/9 is divided by 16?
15
Let a(g) = 10*g**2 + 2. Let k(p) = 30*p**2 + 7. Let z(v) = 14*a(v) - 4*k(v). Let o = 28 - -11. Calculate the remainder when o is divided by z(1).
19
What is the remainder when 22 is divided by 1/((3/13)/3)?
9
Suppose -5*b = -b - 8. Let u(x) = -2*x - 1 - 2*x**b + 0*x + x**3 + 5*x. What is the remainder when 50 is divided by u(3)?
16
Suppose 3*k = -2*k + 20. Let z be -1 + (-3)/3 + k. Suppose -z*u + 13 + 13 = 0. What is the remainder when u is divided by 5?
3
Calculate the remainder when 47 is divided by 7/14*9*4.
11
Suppose 5*a - x = -3, -5*x = -2*a + 5*a - 15. Suppose a*j + 3*j = 57. What is the remainder when j is divided by 7?
5
Suppose -4 + 1 = -3*w. Let t be (w + 0)/(1/3). What is the remainder when 55 is divided by (-1)/(-3)*(54 + t)?
17
Suppose 4*m - 2*m = 6, 3*u - 4*m = 12. Suppose 3*v + 39 = q + u*v, -2*v - 18 = -q. What is the remainder when 71 is divided by q?
23
Let a = -208 + 302. Suppose -47 - a = -3*b. Calculate the remainder when b is divided by (-2)/10 + (-183)/(-15).
11
Let b(m) = m**3 + m - 2. What is the remainder when b(2) is divided by 3?
2
Suppose -5*a - 42 = -s, s + 32 = 2*s - 3*a. Suppose 0*l = -l + s. Calculate the remainder when l is divided by 9.
8
Let j(x) = 7*x**2 - 4*x + 3. Let r be j(2). Suppose 0 = 2*h + 3*c - 38, -h - 4*c = -r - 6. What is the remainder when 24 is divided by h?
11
Suppose 3*n = 13 + 137. Suppose 5*r - n = 310. Calculate the remainder when r is divided by 25.
22
Let p(k) = k**3 + 6*k**2 - 2*k - 1. Let q = -44 + 86. Calculate the remainder when q is divided by p(-6).
9
Let c(y) = -y**3 - 6*y**2 + 10*y - 10. Let v be 4/(-2) + -1*6. Calculate the remainder when c(v) is divided by 13.
12
Let h = -28 + 32. Let d(g) = 3*g**2. Let i be d(-1). Suppose v = 4*v - 3, 5*r + i*v = 18. What is the remainder when h is divided by r?
1
Let s = 13 + -2. Let z(t) = 24*t**2 + t - 1. Let n be z(3). Calculate the remainder when n/s - (-2)/11 is divided by 7.
6
Let q = -7 - -13. Calculate the remainder when 9 + 6 + (2 - 1) is divided by q.
4
Suppose 26 = 5*w - 4*w. Suppose -j = 5*m - 141, 4*m - 2*j = 3*m + w. Suppose -5*o = -55 + 5. Calculate the remainder when m is divided by o.
8
Let m(y) = 2*y**3 - 3*y**2 + 2*y - 1. Let u be m(2). Suppose 0 = 2*t - 17 - u. Suppose 5*v + 41 - 156 = 0. What is the remainder when v is divided by t?
11
Calculate the remainder when 27 is divided by 0 + -3 + (4 - (-16)/4).
2
Let v(c) be the first derivative of c**4/4 - c**3/3 + c**2/2 + c + 7. Let x = 6 + -4. What is the remainder when v(x) is divided by 3?
1
Suppose 21 = 4*c - 2*a - 73, 5*c - 3*a - 120 = 0. Let k = 13 - c. Let s(i) = i**3 + 10*i**2 + 9*i. What is the remainder when s(k) is divided by 19?
18
Suppose 4*b - 57 = -n, -n = 2*b + 2*n - 31. Calculate the remainder when b is divided by 12.
2
Suppose -1 - 7 = -4*k. Suppose 45 = -v + k*v. Calculate the remainder when (v - (-2)/(-1)) + 3 is divided by 16.
14
Suppose -3*w - w + 180 = 0. Calculate the remainder when w is divided by 16.
13
Suppose 4*j - 9*j = -115. What is the remainder when j is divided by 5?
3
Suppose -32 = -3*p - 17. Suppose m - 6*m + 10 = 0. Suppose 0*c = c + m*n - 14, -29 = -4*c + n. What is the remainder when c is divided by p?
3
Suppose -4*b + 5*k + 83 + 617 = 0, -3*k = 4*b - 668. Calculate the remainder when b is divided by 44.
38
Let o be (-6)/(3/(-6) + 2). Let b = -3 - o. Suppose -3*x = 3, -3*t = -5*t - 5*x - 1. Calculate the remainder when t is divided by b.
0
Let m = -7 - -23. Calculate the remainder when m is divided by 9 + (2 - (-5 - (-9 + 4))).
5
Let t(q) = 2*q**3 + q**2 + q - 1. Let z(b) = b**3 - 7*b**2 - 9*b + 11. Let f be z(8). Calculate the remainder when t(f) is divided by 17.
14
Let k = 92 + -35. Calculate the remainder when k is divided by 30.
27
Suppose -4*o + 46 = 5*h, -3*o + 7 + 30 = 4*h. Let f(l) = 5*l + 2. Let w be f(-2). Let s = w + 14. What is the remainder when h is divided by s?
4
Let f = -23 - -41. Let i = f - -14. Let p = -10 - -21. Calculate the remainder when i is divided by p.
10
Let x(y) = -50*y - 42. Calculate the remainder when x(-4) is divided by 32.
30
Suppose 0 = 4*t - 2*o - 20, 4*t = 4*o + 18 + 2. What is the remainder when (81/5)/3*t is divided by ((-4)/6)/((-2)/21)?
6
Suppose -v + 0*p = p - 3, 4*v - 6 = -2*p. Suppose 3*n - 4*r = 20, 2*r + v + 4 = n. Suppose 3*l = -l + 28. What is the remainder when n is divided by l?
5
Let v(w) = -w + 1. Let o be v(-3). Suppose 0*z = z - o. What is the remainder when 10 is divided by z?
2
Suppose d - 4*w - 18 = 0, -7*d = -2*d + 3*w + 2. Suppose 4*f - 170 = v - 0*v, d*v + 88 = 2*f. Let n = 16 + 6. What is the remainder when f is divided by n?
20
Suppose 4*i + 2*k = 22, -2 + 5 = -3*k. Suppose -2*g - 5*y = -2, -5*g + 13 = -2*g + 5*y. Suppose -5*d + 61 = g. What is the remainder when d is divided by i?
4
Suppose -42 = -4*w + 2. Let j = -2 + w. Let u = 12 - 7. Calculate the remainder when j is divided by u.
4
Suppose 4*y - 2*o - 172 = -0*y, -5*o = 0. Suppose 0 = 8*z - 0 - 120. What is the remainder when y is divided by z?
13
Let t be (-1 + -5)/((-9)/6). Let j(g) = g + 5. Calculate the remainder when 16 is divided by j(t).
7
Let u be 